e the remainder when 18433 is divided by 848.
625
Calculate the remainder when 620857 is divided by 206876.
229
What is the remainder when 34454505 is divided by 23?
22
Calculate the remainder when 9501358 is divided by 309.
226
Calculate the remainder when 157439 is divided by 3747.
65
What is the remainder when 295618 is divided by 3243?
505
What is the remainder when 29495345 is divided by 702270?
5
What is the remainder when 5138598 is divided by 32?
6
Calculate the remainder when 61163308 is divided by 1209.
1207
Calculate the remainder when 134051 is divided by 132873.
1178
What is the remainder when 36590502 is divided by 4477?
4458
Calculate the remainder when 266592 is divided by 53317.
7
Calculate the remainder when 14986189 is divided by 394372.
53
What is the remainder when 8824232 is divided by 3590?
12
What is the remainder when 6367680 is divided by 157?
74
What is the remainder when 3289883 is divided by 274?
239
What is the remainder when 3003 is divided by 3003?
0
Calculate the remainder when 342693 is divided by 12.
9
What is the remainder when 7504011 is divided by 1400?
11
What is the remainder when 110567 is divided by 99?
83
Calculate the remainder when 12633463 is divided by 103.
101
Calculate the remainder when 13284625 is divided by 78.
55
Calculate the remainder when 21725045 is divided by 9.
8
What is the remainder when 1596144 is divided by 4337?
128
Calculate the remainder when 325383 is divided by 324446.
937
Calculate the remainder when 367009 is divided by 122323.
40
What is the remainder when 458827 is divided by 75?
52
Calculate the remainder when 774068 is divided by 388.
8
What is the remainder when 3182888 is divided by 2079?
2018
Calculate the remainder when 5853918 is divided by 603.
597
What is the remainder when 224721 is divided by 56178?
9
Calculate the remainder when 17322973 is divided by 402858.
79
Calculate the remainder when 2318626 is divided by 579633.
94
Calculate the remainder when 1129699 is divided by 110.
109
Calculate the remainder when 639314895 is divided by 298.
297
Calculate the remainder when 142197 is divided by 140747.
1450
What is the remainder when 7785 is divided by 265?
100
What is the remainder when 425314 is divided by 116?
58
What is the remainder when 1281739 is divided by 71200?
139
Calculate the remainder when 7782121 is divided by 3496.
25
What is the remainder when 272492 is divided by 7784?
52
Calculate the remainder when 1117090 is divided by 372257.
319
Calculate the remainder when 355345 is divided by 3630.
3235
What is the remainder when 414271 is divided by 138068?
67
What is the remainder when 2257883 is divided by 1008?
971
What is the remainder when 335618 is divided by 99?
8
Calculate the remainder when 454016 is divided by 151284.
164
What is the remainder when 76187 is divided by 356?
3
Calculate the remainder when 8523516 is divided by 2130834.
180
What is the remainder when 788553 is divided by 16428?
9
Calculate the remainder when 18946405 is divided by 6255.
10
Calculate the remainder when 320427 is divided by 26686.
195
Calculate the remainder when 32335646 is divided by 1086.
1082
What is the remainder when 262126 is divided by 766?
154
What is the remainder when 4236834 is divided by 2534?
2520
Calculate the remainder when 480613974 is divided by 1380.
1374
Calculate the remainder when 8172 is divided by 3004.
2164
What is the remainder when 120077678 is divided by 531?
524
Calculate the remainder when 3280 is divided by 2584.
696
Calculate the remainder when 671389 is divided by 49.
40
What is the remainder when 183835 is divided by 446?
83
Calculate the remainder when 1302473 is divided by 349.
5
Calculate the remainder when 1746252 is divided by 26.
14
Calculate the remainder when 1778460 is divided by 268.
12
Calculate the remainder when 1020043 is divided by 24879.
4
Calculate the remainder when 43229033 is divided by 3846.
3839
Calculate the remainder when 30485201 is divided by 2513.
2511
What is the remainder when 11124994 is divided by 7818?
7798
What is the remainder when 163662 is divided by 500?
162
What is the remainder when 209551 is divided by 236?
219
Calculate the remainder when 17109885 is divided by 51.
48
Calculate the remainder when 166105 is divided by 181.
128
Calculate the remainder when 227205593 is divided by 21.
20
What is the remainder when 1532675 is divided by 1876?
1859
What is the remainder when 8147 is divided by 6794?
1353
What is the remainder when 2104385 is divided by 223?
157
What is the remainder when 8661325 is divided by 1510?
1475
What is the remainder when 1159142 is divided by 2855?
12
What is the remainder when 702659886 is divided by 2549?
2546
Calculate the remainder when 11992314 is divided by 360.
354
What is the remainder when 58406 is divided by 14251?
1402
Calculate the remainder when 50809855 is divided by 1098.
1003
Calculate the remainder when 239579 is divided by 21769.
120
Calculate the remainder when 108985 is divided by 54292.
401
Calculate the remainder when 14397864 is divided by 384.
168
What is the remainder when 265561 is divided by 53061?
256
What is the remainder when 29418192 is divided by 38?
36
What is the remainder when 18647188 is divided by 90?
88
What is the remainder when 83006700 is divided by 1050?
0
What is the remainder when 2875253 is divided by 2222?
2207
What is the remainder when 88195 is divided by 1377?
67
Calculate the remainder when 21777156 is divided by 9212.
9200
Calculate the remainder when 982790 is divided by 158.
30
What is the remainder when 29555968 is divided by 170?
108
What is the remainder when 9566305 is divided by 1235?
1230
What is the remainder when 187073 is divided by 37410?
23
What is the remainder when 18705957 is divided by 83?
81
Calculate the remainder when 4770920 is divided by 47.
44
Calculate the remainder when 1410276 is divided by 19.
1
Calculate the remainder when 30200309 is divided by 6090.
6089
Calculate the remainder when 7855071 is divided by 872782.
33
What is the remainder when 62995416 is divided by 62310?
6
What is the remainder when 1520882 is divided by 537?
98
Calculate the remainder when 26974866 is divided by 20.
6
What is the remainder when 236187 is divided by 9841?
3
What is the remainder when 95146 is divided by 471?
4
Calculate the remainder when 234996 is divided by 234915.
81
Calculate the remainder when 14373943 is divided by 9.
7
What is the remainder when 492746196 is divided by 11?
8
What is the remainder when 19846 is divided by 4843?
474
Calculate the remainder when 8360656 is divided by 1672119.
61
Calculate the remainder when 52938 is divided by 24632.
3674
Calculate the remainder when 8748 is divided by 2709.
621
What is the remainder when 37320 is divided by 102?
90
Calculate the remainder when 908845 is divided by 39515.
0
Calculate the remainder when 3474536 is divided by 17.
8
What is the remainder when 336992 is divided by 3242?
3066
Calculate the remainder when 566281 is divided by 667.
665
Calculate the remainder when 892896 is divided by 58.
44
Calculate the remainder when 1273682 is divided by 1434.
290
Calculate the remainder when 16749990 is divided by 107.
103
What is the remainder when 1943718 is divided by 38?
18
Calculate the remainder when 22789 is divided by 5165.
2129
What is the remainder when 374072 is divided by 73993?
4107
What is the remainder when 15845 is divided by 2087?
1236
What is the remainder when 136662 is divided by 67940?
782
Calculate the remainder when 56579595 is divided by 8371.
6
Calculate the remainder when 83952 is divided by 13989.
18
What is the remainder when 6216950 is divided by 37?
25
Calculate the remainder when 11746949 is divided by 10.
9
Calculate the remainder when 5505221 is divided by 1344.
197
Calculate the remainder when 981614 is divided by 54534.
2
Calculate the remainder when 1027318 is divided by 103.
99
Calculate the remainder when 10401901 is divided by 1176.
181
What is the remainder when 1014658 is divided by 14920?
98
Calculate the remainder when 779967 is divided by 44.
23
What is the remainder when 43257596 is divided by 400?
396
What is the remainder when 992324 is divided by 7813?
73
Calculate the remainder when 13278 is divided by 28